digit of 283662936?
3
What is the millions digit of 1677161361?
7
What is the thousands digit of 2239853464?
3
What is the units digit of 1126306218?
8
What is the millions digit of 290091507?
0
What is the hundred thousands digit of 4648354555?
3
What is the millions digit of 1271109?
1
What is the millions digit of 15288640?
5
What is the hundreds digit of 2449323169?
1
What is the hundreds digit of 83037447?
4
What is the units digit of 189783757?
7
What is the hundreds digit of 171841793?
7
What is the thousands digit of 2494572?
4
What is the units digit of 757482?
2
What is the thousands digit of 10467770?
7
What is the millions digit of 209168049?
9
What is the tens digit of 171616258?
5
What is the tens digit of 1426199974?
7
What is the hundred millions digit of 6972182587?
9
What is the millions digit of 69372519?
9
What is the millions digit of 311000486?
1
What is the units digit of 2341961286?
6
What is the ten thousands digit of 1115936844?
3
What is the hundred thousands digit of 111986271?
9
What is the millions digit of 1000884715?
0
What is the ten millions digit of 425580828?
2
What is the hundred millions digit of 105847238?
1
What is the ten millions digit of 3748636859?
4
What is the hundred thousands digit of 5571544?
5
What is the hundreds digit of 75602361?
3
What is the tens digit of 497120526?
2
What is the hundred millions digit of 161135063?
1
What is the thousands digit of 2799276500?
6
What is the hundred thousands digit of 1514519150?
5
What is the ten thousands digit of 994227431?
2
What is the ten thousands digit of 257337643?
3
What is the ten millions digit of 94094758?
9
What is the ten thousands digit of 152429562?
2
What is the ten millions digit of 166278642?
6
What is the thousands digit of 1118462448?
2
What is the tens digit of 131221350?
5
What is the hundred thousands digit of 109143827?
1
What is the millions digit of 346892797?
6
What is the hundred thousands digit of 43770625?
7
What is the tens digit of 26627384?
8
What is the billions digit of 4676340615?
4
What is the units digit of 61707035?
5
What is the hundred thousands digit of 332982445?
9
What is the millions digit of 43584365?
3
What is the millions digit of 219575336?
9
What is the millions digit of 3864816514?
4
What is the tens digit of 60308270?
7
What is the thousands digit of 2500012261?
2
What is the thousands digit of 18870251?
0
What is the millions digit of 13806668?
3
What is the thousands digit of 1744285602?
5
What is the units digit of 6884866?
6
What is the millions digit of 113650867?
3
What is the hundred thousands digit of 124939563?
9
What is the units digit of 33187939?
9
What is the hundred thousands digit of 424780572?
7
What is the thousands digit of 4315724?
5
What is the tens digit of 64532162?
6
What is the thousands digit of 466464248?
4
What is the tens digit of 288783525?
2
What is the units digit of 1122643889?
9
What is the units digit of 135191714?
4
What is the hundred thousands digit of 20126923?
1
What is the thousands digit of 106271268?
1
What is the billions digit of 1399808068?
1
What is the hundred thousands digit of 1994620516?
6
What is the ten thousands digit of 63864033?
6
What is the units digit of 755886141?
1
What is the hundred millions digit of 231474928?
2
What is the ten millions digit of 159088109?
5
What is the units digit of 1614973370?
0
What is the billions digit of 2551150901?
2
What is the tens digit of 20392337?
3
What is the hundred thousands digit of 16623067?
6
What is the hundreds digit of 349734987?
9
What is the units digit of 458322506?
6
What is the hundreds digit of 262832015?
0
What is the tens digit of 1682817962?
6
What is the hundred thousands digit of 39791452?
7
What is the hundreds digit of 502426398?
3
What is the ten millions digit of 189106258?
8
What is the billions digit of 1536191104?
1
What is the hundreds digit of 380726004?
0
What is the millions digit of 11810500?
1
What is the hundred millions digit of 522567870?
5
What is the hundreds digit of 148274196?
1
What is the ten thousands digit of 1677856552?
5
What is the ten millions digit of 935712669?
3
What is the tens digit of 38707959?
5
What is the tens digit of 180897275?
7
What is the billions digit of 2894967407?
2
What is the tens digit of 667265959?
5
What is the millions digit of 5000600?
5
What is the thousands digit of 1301897?
1
What is the ten thousands digit of 1953594909?
9
What is the units digit of 400850538?
8
What is the ten thousands digit of 53138684?
3
What is the hundred millions digit of 454079948?
4
What is the thousands digit of 70433407?
3
What is the tens digit of 467579784?
8
What is the tens digit of 208464?
6
What is the units digit of 1381362262?
2
What is the millions digit of 85204177?
5
What is the hundred millions digit of 774743948?
7
What is the hundred thousands digit of 32313196?
3
What is the ten millions digit of 196997686?
9
What is the billions digit of 1479495191?
1
What is the thousands digit of 166986357?
6
What is the ten thousands digit of 24324060?
2
What is the ten millions digit of 47610898?
4
What is the tens digit of 18307628?
2
What is the thousands digit of 1594516103?
6
What is the millions digit of 521689801?
1
What is the hundred thousands digit of 162830962?
8
What is the ten millions digit of 1831321885?
3
What is the hundred millions digit of 1162509359?
1
What is the ten thousands digit of 397439302?
3
What is the tens digit of 30651657?
5
What is the hundred thousands digit of 100681484?
6
What is the tens digit of 65752511?
1
What is the millions digit of 861275717?
1
What is the hundred thousands digit of 338424137?
4
What is the millions digit of 29565562?
9
What is the units digit of 2214592788?
8
What is the hundred thousands digit of 25092834?
0
What is the units digit of 5738153847?
7
What is the hundred thousands digit of 7026827?
0
What is the thousands digit of 57345621?
5
What is the ten millions digit of 177662745?
7
What is the millions digit of 122154948?
2
What is the ten thousands digit of 166868125?
6
What is the ten millions digit of 2533243859?
3
What is the ten millions digit of 22678827?
2
What is the tens digit of 686734026?
2
What is the ten thousands digit of 62497493?
9
What is the units digit of 681383379?
9
What is the hundred thousands digit of 968257963?
2
What is the hundred thousands digit of 941423144?
4
What is the tens digit of 328310106?
0
What is the thousands digit of 74801242?
1
What is the thousands digit of 155404658?
4
What is the hundred millions digit of 208100574?
2
What is the hundred millions digit of 230967566?
2
What is the ten millions digit of 294620461?
9
What is the tens digit of 5641668648?
4
What is the tens digit of 108408308?
0
What is the thousands digit of 59060209?
0
What is the billions digit of 1210504852?
1
What is the ten thousands digit of 905430638?
3
What is the hundred thousands digit of 479308085?
3
What is the ten thousands digit of 89284985?
8
What is the ten thousands digit of 554018654?
1
What is the hundreds digit of 17077695?
6
What is the hundred millions digit of 349664878?
3
What is the millions digit of 348212139?
8
What is the hundred thousands digit of 3089124122?
1
What is the units digit of 6015658967?
7
What is the tens digit of 516430160?
6
What is the ten millions digit of 498225487?
9
What is the ten thousands digit of 4168959?
6
What is the millions digit of 56075586?
6
What is the thousands digit of 3248051653?
1
What is the tens digit of 72768422?
2
What is the hundred thousands digit of 134966450?
9
What is the ten thousands digit of 1442976745?
7
What is the units digit of 13987419?
9
What is the hundred thousands digit of 33416255?
4
What is the millions digit of 12088335?
2
What is the ten thousands digit of 99046303?
4
What is the ten millions digit of 63187270?
6
What is the billions digit of 1653105147?
1
What is the thousands digit of 6543280?
3
What is the millions digit of 1028570155?
8
What is the hundred thousands digit of 40434743?
4
What is the ten thousands digit of 875717648?
1
What is the units digit of 56852740?
0
What is the hundred thousands digit of 123299398?
2
What is the tens digit of 3836954207?
0
What is the millions digi